y 66?
61
What is the remainder when 1098 is divided by 288?
234
Calculate the remainder when 554 is divided by 274.
6
Calculate the remainder when 120 is divided by 13.
3
What is the remainder when 11878 is divided by 180?
178
Calculate the remainder when 201 is divided by 104.
97
Calculate the remainder when 1053 is divided by 88.
85
What is the remainder when 636 is divided by 11?
9
What is the remainder when 296 is divided by 27?
26
Calculate the remainder when 1609 is divided by 229.
6
Calculate the remainder when 1940 is divided by 67.
64
Calculate the remainder when 4296 is divided by 14.
12
Calculate the remainder when 1960 is divided by 649.
13
Calculate the remainder when 1269 is divided by 184.
165
Calculate the remainder when 1047 is divided by 75.
72
What is the remainder when 149 is divided by 50?
49
Calculate the remainder when 2029 is divided by 19.
15
Calculate the remainder when 356 is divided by 347.
9
What is the remainder when 572 is divided by 47?
8
What is the remainder when 2307 is divided by 14?
11
What is the remainder when 246 is divided by 18?
12
Calculate the remainder when 94 is divided by 8.
6
What is the remainder when 149 is divided by 4?
1
Calculate the remainder when 37 is divided by 5.
2
What is the remainder when 236 is divided by 58?
4
What is the remainder when 609 is divided by 299?
11
Calculate the remainder when 863 is divided by 16.
15
What is the remainder when 270 is divided by 29?
9
Calculate the remainder when 1810 is divided by 1797.
13
What is the remainder when 256 is divided by 91?
74
What is the remainder when 2656 is divided by 10?
6
What is the remainder when 641 is divided by 17?
12
Calculate the remainder when 94 is divided by 45.
4
What is the remainder when 341 is divided by 92?
65
What is the remainder when 69 is divided by 23?
0
Calculate the remainder when 373 is divided by 118.
19
Calculate the remainder when 1766 is divided by 294.
2
Calculate the remainder when 836 is divided by 4.
0
Calculate the remainder when 2349 is divided by 50.
49
Calculate the remainder when 55 is divided by 6.
1
What is the remainder when 420 is divided by 23?
6
What is the remainder when 252 is divided by 96?
60
Calculate the remainder when 523 is divided by 11.
6
Calculate the remainder when 233 is divided by 14.
9
Calculate the remainder when 127 is divided by 33.
28
What is the remainder when 597 is divided by 60?
57
Calculate the remainder when 2054 is divided by 410.
4
What is the remainder when 185 is divided by 4?
1
Calculate the remainder when 2939 is divided by 16.
11
Calculate the remainder when 2206 is divided by 171.
154
Calculate the remainder when 81 is divided by 30.
21
What is the remainder when 1405 is divided by 22?
19
What is the remainder when 1860 is divided by 81?
78
What is the remainder when 248 is divided by 6?
2
What is the remainder when 463 is divided by 51?
4
Calculate the remainder when 460 is divided by 152.
4
What is the remainder when 112 is divided by 18?
4
What is the remainder when 78 is divided by 22?
12
Calculate the remainder when 12661 is divided by 63.
61
Calculate the remainder when 56 is divided by 49.
7
Calculate the remainder when 136 is divided by 115.
21
What is the remainder when 756 is divided by 158?
124
What is the remainder when 1953 is divided by 147?
42
Calculate the remainder when 198 is divided by 2.
0
What is the remainder when 983 is divided by 47?
43
Calculate the remainder when 188 is divided by 9.
8
Calculate the remainder when 557 is divided by 31.
30
What is the remainder when 122 is divided by 35?
17
What is the remainder when 57 is divided by 4?
1
Calculate the remainder when 41 is divided by 16.
9
What is the remainder when 5977 is divided by 31?
25
What is the remainder when 8969 is divided by 39?
38
What is the remainder when 2883 is divided by 7?
6
What is the remainder when 122 is divided by 9?
5
Calculate the remainder when 5581 is divided by 8.
5
Calculate the remainder when 333 is divided by 66.
3
Calculate the remainder when 1652 is divided by 805.
42
Calculate the remainder when 253 is divided by 138.
115
What is the remainder when 128 is divided by 29?
12
Calculate the remainder when 3818 is divided by 273.
269
What is the remainder when 17 is divided by 11?
6
Calculate the remainder when 29 is divided by 26.
3
What is the remainder when 11 is divided by 7?
4
What is the remainder when 9618 is divided by 10?
8
Calculate the remainder when 276 is divided by 54.
6
Calculate the remainder when 4106 is divided by 344.
322
What is the remainder when 123 is divided by 35?
18
Calculate the remainder when 693 is divided by 47.
35
Calculate the remainder when 53 is divided by 37.
16
Calculate the remainder when 5131 is divided by 17.
14
What is the remainder when 5701 is divided by 178?
5
Calculate the remainder when 263 is divided by 99.
65
Calculate the remainder when 1132 is divided by 14.
12
Calculate the remainder when 95 is divided by 50.
45
Calculate the remainder when 3522 is divided by 33.
24
Calculate the remainder when 946 is divided by 39.
10
What is the remainder when 515 is divided by 21?
11
Calculate the remainder when 2824 is divided by 113.
112
Calculate the remainder when 142 is divided by 9.
7
What is the remainder when 103 is divided by 6?
1
Calculate the remainder when 356 is divided by 42.
20
What is the remainder when 1202 is divided by 314?
260
Calculate the remainder when 3454 is divided by 96.
94
Calculate the remainder when 34298 is divided by 103.
102
Calculate the remainder when 6277 is divided by 24.
13
Calculate the remainder when 498 is divided by 46.
38
Calculate the remainder when 1194 is divided by 310.
264
Calculate the remainder when 82 is divided by 19.
6
What is the remainder when 168 is divided by 45?
33
Calculate the remainder when 223 is divided by 31.
6
What is the remainder when 127 is divided by 45?
37
Calculate the remainder when 240 is divided by 68.
36
Calculate the remainder when 19 is divided by 4.
3
What is the remainder when 2496 is divided by 497?
11
What is the remainder when 91417 is divided by 28?
25
What is the remainder when 257 is divided by 89?
79
What is the remainder when 281 is divided by 89?
14
Calculate the remainder when 181 is divided by 46.
43
Calculate the remainder when 4130 is divided by 6.
2
What is the remainder when 25 is divided by 19?
6
What is the remainder when 899 is divided by 18?
17
What is the remainder when 200 is divided by 40?
0
What is the remainder when 5336 is divided by 5322?
14
What is the remainder when 91 is divided by 21?
7
Calculate the remainder when 1313 is divided by 100.
13
What is the remainder when 378 is divided by 48?
42
What is the remainder when 19318 is divided by 46?
44
Calculate the remainder when 6663 is divided by 33.
30
Calculate the remainder when 1362 is divided by 338.
10
What is the remainder when 91 is divided by 19?
15
What is the remainder when 225 is divided by 39?
30
Calculate the remainder when 261 is divided by 66.
63
Calculate the remainder when 56 is divided by 25.
6
Calculate the remainder when 327 is divided by 117.
93
Calculate the remainder when 1848 is divided by 558.
174
Calculate the remainder when 235 is divided by 34.
31
Calculate the remainder when 703 is divided by 102.
91
What is the remainder when 84 is divided by 45?
39
What is the remainder when 187 is divided by 54?
25
Calculate the remainder when 2113 is divided by 14.
13
Calculate the remainder when 78 is divided by 9.
6
What is the remainder when 1362 is divided by 109?
54
Calculate the remainder when 326 is divided by 38.
22
Calculate the remainder when 149 is divided by 26.
19
What is the remainder when 111 is divided by 54?
3
What is the remainder when 33 is divided by 9?
6
What is the remainder when 76 is divided by 70?
6
Calculate the remainder when 304 is divided by 24.
16
Calculate the remainder when 4930 is divided by 47.
42
What is the remainder when 478 is divided by 39?
10
What is the remainder when 20 is divided by 8?
4
What is the remainder when 3222 is divided by 67?
6
What is the remainder when 630 is divided by 79?
77
Calculate the remainder when 174 is divided by 81.
12
What is the remainder when 506 is divided by 247?
12
Calcul